. What is the tens digit of m?
4
Suppose 11 = 4*r - 9. Suppose 26 + 14 = r*s. What is the units digit of 4 + s + 0 + 1?
3
Suppose 5*k - 10600 = -5*v, -v + 2*k - 839 = -2950. What is the thousands digit of v?
2
Let c = -301 + 385. What is the tens digit of c?
8
Suppose -4*k - 160 = 424. Let z = k + 281. Let f = z + -96. What is the tens digit of f?
3
Let k(j) = 161*j**2 + 2980 - j - 2980. What is the hundreds digit of k(1)?
1
Suppose -18*v = -10*v - 24. Suppose 9*n = 5*n + b + 1362, v*n = -2*b + 1016. What is the units digit of n?
0
Let x(t) = t**3 - 8*t**2 + t - 5. Let f be x(8). Suppose f*b = 2*b + 5. Suppose 0 = b*k + k - 456. What is the tens digit of k?
7
Let b(y) = 2*y - 4. Let r be b(3). Suppose 0 = -6*h - r*h + 920. What is the units digit of h?
5
Let d(w) = -3*w**3 + w - 1. Let n be d(1). Let c = n + 3. Suppose -10*y + 9*y + 25 = c. What is the units digit of y?
5
Suppose -384*w + 390*w - 5742 = 0. What is the hundreds digit of w?
9
Let h be 2*1/(-9) - (-1118)/9. Suppose -t - x + 31 = 0, 5*t - h = t + 2*x. What is the units digit of t?
1
Let z(w) = w**3 + 5*w**2 - 2*w + 3. Let a be z(-5). Suppose -1 = 3*h - a. What is the units digit of -2 + h/2 + 8?
8
Let x be 114/(-42) + 4/(-14). Let o be (1 + x + -38)/(-1). Let p = -6 + o. What is the tens digit of p?
3
Suppose 0 = -3*c + 1 + 20. Let w be c/2 - (-2)/(-4). Suppose 2*a - 50 = -w*a. What is the tens digit of a?
1
What is the units digit of (((-195)/10)/(-13))/((-3)/(-106))?
3
Let s(f) = 0 + 1 + 329*f - 332*f - f**2 - 9*f**3. What is the units digit of s(-2)?
5
Let x = 370 - 88. What is the hundreds digit of x?
2
Let k = 3956 + -455. What is the units digit of k?
1
Suppose 0 = 4*w + 5*v + 15, -v = w - 3*v + 20. Let q be 74/(-10) - 4/w. Let m(z) = z**2 + 2*z - 8. What is the units digit of m(q)?
7
Suppose -1332 + 100 = -2*t. What is the hundreds digit of t?
6
Let h be (28/(-8))/(-7)*(-4 + 0). What is the hundreds digit of 146 + (h - -3 - -1)?
1
Let j be (18/4 - -2)/(3/54). Let z = 180 - j. What is the tens digit of z?
6
Suppose -3*y - 2*z + 30 = -0*y, 3*y - 3*z - 15 = 0. Suppose y*p - 551 = 673. What is the tens digit of p?
5
Let w be ((-4)/3)/((-32)/12528). Let u = w + -305. Suppose 5*x + n - u = 0, 6*x - 3*n = x + 209. What is the units digit of x?
3
Suppose -l = -2*l + 16. What is the hundreds digit of (-15705)/(-120) - (-2)/l?
1
Let r(h) be the second derivative of -h**5/20 - 7*h**4/12 + 5*h**3/2 + 5*h. What is the tens digit of r(-9)?
2
Let z(g) = -g**3 + 2*g**2 + g + 5. Let t be z(0). Suppose t*p - 504 = -a, 2*a - 308 = -0*p - 3*p. What is the tens digit of p?
0
Let u(b) = -b**3 + 7*b**2 - 6*b. Let a be u(6). Suppose 4*s + 4*l - 64 = a, 2*s + 3*l + 1 - 31 = 0. What is the tens digit of s?
1
Let u(l) = l - 12. Let v be ((-72)/60)/((-3)/25). Let d be u(v). Let k = 77 + d. What is the tens digit of k?
7
Let c(m) = 12*m. Suppose -3*s - 1 = 11. Let a be (17/5 + s)*-10. What is the tens digit of c(a)?
7
Let x(f) = 6*f - 4. Let m be x(4). Suppose -p = -8 - m. What is the tens digit of p?
2
Let l(n) be the third derivative of -n**6/120 - n**5/12 - n**4/12 + 17*n**3/6 + 9*n**2. What is the tens digit of l(-5)?
2
Let s(z) = -z**2 + 6*z + 3. Let v be s(5). Let c be ((-9)/(-6))/(3/v). Suppose 0 = 2*q - c, 2*g + 5*q = 3*q + 54. What is the tens digit of g?
2
Suppose 2*j + 0 = -12. Let s = j - -10. Suppose 7*b = s*b + 9. What is the units digit of b?
3
Suppose -2*z = r - 4, 4*z - 10 = 4*r - 7*r. Suppose 4*t - t + 4*c + 8 = 0, 0 = t + r*c. Let a = t - -19. What is the tens digit of a?
1
Let f(a) = -39*a - 98. What is the units digit of f(-10)?
2
Let m = 16 + -10. Suppose 0 = m*t - t - 15. What is the units digit of t?
3
Suppose 0 = -4*i + 16, -5*i + 48 - 4 = l. Suppose 2*c + l - 14 = 0. Let t(a) = -a**2 - 8*a + 5. What is the units digit of t(c)?
0
Suppose 66486 = 11*k + 10*k. What is the units digit of k?
6
Let q = 1154 + 217. What is the tens digit of q?
7
Let h be (-545)/2*(-32)/40. Suppose -3*c + 2*u = -166, 2*c - 2*u = -2*c + h. What is the tens digit of c?
5
Let m(o) = -2*o**2 + 34*o - 16. What is the tens digit of m(10)?
2
Suppose 217*o - 210*o = 13916. What is the hundreds digit of o?
9
Let v(a) = -a**2 + 9*a - 2. Let u be v(8). Suppose 0 = 3*m - 0*p - p, -5*m = p. What is the tens digit of 111/u*(m + 2)?
3
Suppose 6 = 2*g, -g - 187 = 6*h - h. Let v be 2/1 + -5 + -6 + 1. What is the tens digit of 9 + v - (h - 1)?
4
What is the hundreds digit of -4 - (-6500)/(-9 - -14)?
2
What is the thousands digit of (1 + 3)/(-2)*(-6775)/10?
1
Let y = 212 - 62. What is the hundreds digit of y?
1
Let z = -399 - -640. Let w = -58 + z. Suppose -5*u = -w + 3. What is the tens digit of u?
3
Suppose 0 = -3*a + 31 + 821. What is the tens digit of a?
8
Let x = -12 - -22. Suppose -x = -4*k + 5*l, -3*l - 7 + 1 = -k. What is the units digit of (-1 + k + 0)*-31?
1
Let s be 4/(7 - 3) - 1. Suppose 0 = -i + 4 - s. Suppose -2*m = -i*m + 28. What is the tens digit of m?
1
Let o be (2 - -1)/((-3)/(-2)). Suppose -4*q + o*q + 660 = 0. What is the tens digit of ((-12)/10)/((-9)/q)?
4
Let g(c) = -c**3 - 7*c**2 - 17*c + 14. What is the hundreds digit of g(-8)?
2
Let k = -5 - -5. Suppose k = -0*t + 5*t + 610. Let n = 199 + t. What is the units digit of n?
7
Let y = 4012 - 2710. What is the tens digit of y?
0
What is the tens digit of 4/(-24) + 5200/96?
5
Suppose 10*x + 4344 = 16*x. What is the units digit of x?
4
Suppose 2*o - 7*o - 14839 = -3*b, 5*b + 4*o = 24781. What is the tens digit of b?
5
Suppose 19*p + 10983 = 40*p. What is the tens digit of p?
2
Suppose -13*d = 29*d - 41832. What is the tens digit of d?
9
Let k be -4*(0/(-4) + -1). Suppose k*v + 4*q - 12 = -0*q, 0 = 2*v + q - 4. Suppose -17 = -3*s + v. What is the units digit of s?
6
Let n(i) be the first derivative of 2*i**3/3 + 5*i**2/2 + 4*i - 38. Let h be 6*(0 - 2/3). What is the units digit of n(h)?
6
Let b = -446 + 815. What is the hundreds digit of b?
3
Let x(n) = n + 148. What is the tens digit of x(-25)?
2
Let x(l) = l**2 + 17*l + 34. Let i be x(-11). Suppose -2*d = -w + 119, -4*w = 4*d - 88 + 308. Let h = i - d. What is the tens digit of h?
2
Suppose 7*y + 154 + 119 = 0. What is the tens digit of ((-13)/y)/(2/192)?
3
Let z(v) = 4*v**2 - 71*v - 22. What is the hundreds digit of z(29)?
2
Suppose 4*k - 19 = -q, 6*k - 5*q = k + 30. Let u = -28 + 37. Suppose -u*v + k*v = -44. What is the tens digit of v?
1
Let x(b) = 2*b**3 - b + 1. Let h be x(2). Suppose 0 = -i - 5*c + h, 5*c = -0*i + 5*i - 15. Suppose -i*s + 5 + 160 = 0. What is the units digit of s?
3
Let y(h) = -2*h**2 + 2*h - 1. Let o(m) = -4*m**2 + 3*m - 1. Let d(g) = 3*o(g) - 7*y(g). Let s be d(2). What is the units digit of (-3 + 9/s)*26?
9
Let y = 879 - 625. Let k = y - 151. What is the hundreds digit of k?
1
Let u(x) = -x**3 + 12*x**2 - 11*x - 3. Let r be u(11). Suppose 3*t = -0*t + 6. What is the units digit of (-78)/(-4) - r/t?
1
Suppose 0*l = 3*f - 2*l - 1404, l = 0. Let s = f + -280. What is the tens digit of s?
8
Let z(f) = 6*f**2 + 5*f - 3. Let b be z(-6). Suppose -b = -w - 2*w. What is the tens digit of w?
6
Suppose -2*h + 7950 = 2*k, -5*h + 3*k + 17475 + 2384 = 0. What is the units digit of h?
3
Let u = 28 - 18. Let f(n) = 3*n - 3. Let k(x) = -6*x + 6. Let b(g) = u*f(g) + 4*k(g). What is the units digit of b(5)?
4
Suppose 3*j + j - 2348 = -4*p, -5*j = 2*p - 2950. What is the tens digit of j?
9
Suppose 0 = 2*u + 2*x - 3748, -3745 = u - 3*u - x. What is the units digit of u?
1
Suppose 0*c = 5*c + 15. Let x = c - -2. Let q(g) = -53*g - 1. What is the tens digit of q(x)?
5
Let c(t) be the first derivative of -t**4/4 - 10*t**3/3 - 7*t**2/2 + 2*t - 2. What is the tens digit of c(-10)?
7
Suppose -3*n + 4*n = 74. Let o = n + 17. What is the units digit of o?
1
Let u be 11/33*(0 - 0). Suppose u*x + 704 = 4*x. Suppose 5*i - i = x. What is the tens digit of i?
4
Let u(q) = q**2 + 12*q - 41. What is the units digit of u(4)?
3
Let v = -355 + 512. What is the tens digit of -1 + (-3 - -7)/(-4) + v?
5
Suppose -4*m - 14*m = -12960. What is the hundreds digit of m?
7
Let p = -35 - -39. Suppose p*g = g + 567. What is the hundreds digit of g?
1
Let q = -64 - -92. Suppose 80 = -13*h + 262. What is the tens digit of 6/h - (-856)/q?
3
Let n = -91 - -153. Suppose -p = u - 0*p - 33, 2*u + 4*p - n = 0. What is the te